se 5*i - 21 = -2*m, 2*i - 3*m = -2 + 18. Let u(o) = 3*o - 6. What is u(i)?
9
Let v(c) = c + 2. Let m(l) = -4*l - 7. Suppose 6*o + 28 = 2*o - 5*q, -3*q - 14 = 2*o. Let p(g) = o*v(g) - 2*m(g). Determine p(-5).
-5
Let t(x) = -2*x + 7. Let u(m) = m - 6. Let f(l) = l - 7. Let r = 8 + -11. Let g(n) = r*u(n) + 2*f(n). Let d(q) = 9*g(q) - 4*t(q). Determine d(0).
8
Let o(q) = -q**2 + q. Let k be (-1)/2*0 - -6. Suppose 20 = -k*d + 4*d. Let f = d - -8. Give o(f).
-6
Let w(l) = l**2 + 2*l - 2. Suppose -20 = -5*n - 2*x - 4, 3*x = 3*n + 3. Calculate w(n).
6
Suppose 5*i + 0*i - 5 = 2*a, 0 = i + 4*a - 23. Let l(q) be the second derivative of 0*q**2 + 1/2*q**i + 0 - 2*q. Determine l(1).
3
Suppose -2*w = -u + 2, 4*w + u = 3*w - 4. Let q be w - -4 - -1*2. Let z(h) = 7*h**2 + 4 + 8*h**3 - 9*h**3 - 2*h**2 - h - 2*h. Determine z(q).
8
Let j(m) be the second derivative of m**3/2 - 2*m**2 + m. Let h be j(3). Let v(l) = l**3 - 5*l**2 - l + 3. What is v(h)?
-2
Let r(j) = j**2 + 5*j - 2. Suppose -5*p + 2*p + 81 = 5*v, 0 = -4*v + 5*p + 50. Suppose w - 12 - 5 = 5*m, v = -5*w. What is r(m)?
-6
Let g = -2 - -2. Let r(a) = g*a**3 + 0*a + a**3 + a + 3*a**2 + 2 + 1. Determine r(-3).
0
Let y(j) be the first derivative of 1/3*j**3 + 0*j - 1 - 1/2*j**2 - 1/4*j**4. Calculate y(1).
-1
Let b(c) = -c - 18. Suppose -37*d = -42*d. Determine b(d).
-18
Let n = 3 - 8. Let b = n + 7. Let u(g) = -4 - 3 + 6 - b - g. Calculate u(-2).
-1
Let h = 0 - -3. Suppose -4*g + h = -1. Let p(v) = 3*v + v**2 - 3*v - 1. Calculate p(g).
0
Let t(n) be the second derivative of n**3 - n**2/2 + 15*n. Suppose 0 = 2*w - 1 - 3. Suppose 0 = -5*f + 3 + w. Give t(f).
5
Suppose -3*l = l + 8. Let r(g) be the first derivative of -g + 0*g**2 - 1 + 1/4*g**4 + 1/3*g**3. What is r(l)?
-5
Let g(t) = t**3 - 10*t**2 + 3. Let w(v) = v**2 + v - 1. Let j(r) = -g(r) - 4*w(r). Let u be (65/(-30) + 3)*6. What is j(u)?
6
Let k(p) = p**2 - 14*p - 18. Let i(v) = -6*v - 45. Let x be i(-10). What is k(x)?
-3
Let g(c) = c - 7. Let n(j) = -2. Let z(v) = -g(v) + 3*n(v). What is z(9)?
-8
Suppose 2*x + 20 = 6*x. Let m(c) be the third derivative of -1/10*c**x + 0 - c**2 + 1/6*c**4 + 1/120*c**6 + 0*c - 1/2*c**3. What is m(5)?
-8
Let n(x) = 2*x**2 - x - 1. Let f be n(-1). Let j(t) = -2*t - f*t**2 + 3*t**2 + 6 + 7*t + t. Give j(-5).
1
Let p(h) = h**3 + 11*h**2 - h - 4. Let d be p(-11). Let z(q) = q**2 - 8*q. What is z(d)?
-7
Let p = -10 + 6. Let f(s) be the second derivative of s**5/60 - 5*s**3/6 - s**2/2 - 2*s. Let r(b) be the first derivative of f(b). Give r(p).
11
Let k(b) = 7*b**3 - 6*b**2 - 4*b - 8. Let l(i) = -4*i**3 + 3*i**2 + 2*i + 5. Let c(n) = 3*k(n) + 5*l(n). Determine c(3).
-5
Let c(k) = k**2 - 2*k - 4. Suppose 20 = q + 4*l, -l + 4 = -4*q + 4*l. What is c(q)?
4
Let w(b) = b**3 + 4*b**2 - 3. Suppose -3*x + 2 = i - 3, 2*i + 3*x - 1 = 0. Let z be (i/(-5))/(3/(-15)). Give w(z).
-3
Let a(q) = -2*q**2 + 0 - 15*q**3 + 10*q**3 - 2*q - 4 + 3. Give a(-1).
4
Let y be (-9)/(-36) - (-66)/(-8). Let w(h) = h + 14. Give w(y).
6
Suppose 3*a - 7 = -w, -2*a - 2*w + w + 5 = 0. Let h(y) = -6*y + 3. Determine h(a).
-9
Let g(k) = -954*k + 480*k + 473*k. Suppose 2*c - 25 = -3*c + 2*u, -4*c = -2*u - 20. Give g(c).
-5
Let y be 2*1 + (-5 - -2). Let n(t) = t**2 - 2*t - 1. Let c be n(-1). Let g(h) = 0*h + h + c*h. What is g(y)?
-3
Suppose 12 - 37 = -5*a. Let w(h) = -h**2 + 4*h + 6. Determine w(a).
1
Let r(u) = 7*u**3 + 2*u**2 + 3*u + 4. Let h(z) = -20*z**3 - 6*z**2 - 8*z - 12. Let p be -9 + -3 + -3 + 9. Let o(g) = p*h(g) - 17*r(g). Determine o(-3).
4
Let u = 0 - 0. Let g(y) = 1 + 0*y - y + 0. What is g(u)?
1
Let d(n) = -n**3. Let k(i) = 7*i**3 + 3*i**2 + 2*i + 3. Let b(c) = -5*d(c) - k(c). Determine b(-2).
5
Suppose -39 = -18*h - 3. Let w(d) = -d**2 - 2. Give w(h).
-6
Let w be (-273)/52 + (-2)/(-8). Let q be 2 + 1 + -2 - 1. Let r(i) = 2*i + 4 + 1 + q*i. Determine r(w).
-5
Let p(f) = -f**3 - 3*f**2 + 4*f - 2. Let y be p(-4). Let c(m) = -2*m**3 - 13*m**2 + 3*m. Let w(x) = -x**3 - 6*x**2 + x. Let r(z) = -3*c(z) + 7*w(z). Give r(y).
0
Suppose -4*g = -6 - 2. Suppose -g*b = 2*l + 10, -2*b - 3 = l + 5. Let h(n) be the first derivative of n**4/4 + n - 7. Determine h(l).
-7
Let k(v) = 3 + 65*v**3 - 30*v**3 - 4*v + v**2 - 33*v**3. Give k(2).
15
Let o(w) = w**3 + 7*w**2 + 2. Let x be o(-7). Let r(l) = -l + 7 + 0 + x. What is r(0)?
9
Let r = -56 - -66. Let j(l) = -l**2 + 9*l - 1. Give j(r).
-11
Let k(l) be the first derivative of l**3/3 - l**2/2 - 2*l + 1. What is k(2)?
0
Let j(n) be the third derivative of n**4/24 + 5*n**3/6 + 11*n**2. Give j(-4).
1
Let m(o) be the first derivative of -o**2/2 + 11*o - 24. Give m(9).
2
Let v(t) be the first derivative of t**3/3 + 3*t**2 + 5*t - 4. Let d(p) = p - 1. Let j be d(4). Suppose -8 = -f + j*f. Determine v(f).
-3
Let h(t) = -4*t**3 + 2*t - 1. Suppose 3*y - 23 = o + 61, -y - o = -28. Let n = y - 27. Give h(n).
-3
Suppose -2*a - 5 = -13. Let g = a - 0. Let x(q) = q - 2*q + 3 + 6. Calculate x(g).
5
Let b(n) = 59*n + n**2 - 14 - 59*n + n**3. Give b(0).
-14
Let u(z) = 0 + 1 + 10*z - 9*z - 2. Determine u(-3).
-4
Let d(s) = -s**2 + s + 2. Let c(m) = m**2 - 3*m - 1. Let v be c(4). Suppose 3*t - 3 = -0*t. Suppose -v*q - t = -7. Give d(q).
0
Let z(c) = -c**3 - 4*c**2 + c - 2. Suppose 0 = -a - 4*v - 23, -4 = -2*a + 4*v + 10. What is z(a)?
-14
Let c(v) be the first derivative of -3*v**2/2 + 4*v - 15. Calculate c(3).
-5
Let o(n) = 5*n**3 - 2*n**2 + 1. Let c be (-12)/((-4)/(-1)) - -4. Give o(c).
4
Let v(q) be the third derivative of 1/60*q**5 + 1/24*q**4 + 0 + 0*q - 7*q**2 + 0*q**3. Calculate v(-1).
0
Let n(f) = -f + 1. Let k be -1 - -4 - (4 + -4). Suppose -3 = -0*m - k*m. Let w be -1 + m/((-1)/(-3)). Calculate n(w).
-1
Let c(w) = 3*w + 3 + 3*w**2 - 5*w + 0*w**2 + 0*w**2. Let y = 1 + 1. Determine c(y).
11
Let j(b) = b + 54 + b - 60 - 6*b. Let c be j(-3). Let n(q) be the first derivative of q**2/2 - 14*q + 1. Give n(c).
-8
Suppose s + 5*m - 10 = -0*s, -m + 2 = -2*s. Suppose 1 = -y - s. Let z(h) = 3*h**3 + h + 1. Let l be z(y). Let b(i) = i**3 + i**2 - 4*i - 2. What is b(l)?
-8
Let p(k) = -k - 2. Suppose -2*c - 3*c - 24 = 4*g, -3*g - 18 = 3*c. What is p(g)?
4
Let p(t) = -2*t**2 - 4*t - 2. Let j(d) = 3*d**2 + 3*d + 1. Let b(g) = -3*j(g) - 4*p(g). What is b(8)?
-3
Suppose 3*f - f + 12 = 0. Let v(o) = -o - 1. Suppose -2*i = 1 + 1. Let y(d) = 3*d + 10. Let q(w) = i*y(w) - v(w). Determine q(f).
3
Let p = 2 + -3. Let o(q) = -2*q**2 + 1. Let z be o(p). Let j(u) = u**3 - u**2 - 2*u - 1. What is j(z)?
-1
Let s be (7 - -2) + (0 - -1). Suppose -5 = -3*w + s. Let r(f) = -f**3 + 4*f**2 + 4*f - 2. Give r(w).
-7
Let b(j) = j**3 + j**2 - 3*j + 4. Let x be b(-3). Let n(q) = 7*q**2 + 9*q + 1. Let o(u) = -3*u**2 - 4*u - 1. Let p(g) = x*o(g) - 2*n(g). Calculate p(-2).
3
Let a(g) = -g. Let q be a(-2). Suppose 6 = -2*n, 2 = -4*y + q*n - 0. Let x(l) = 2*l. Let p(s) = 1. Let i(d) = y*p(d) - x(d). Give i(3).
-8
Let b(j) = 3*j**2 + 2*j + 1. Let p be b(-1). Suppose 3*i + p*s + 7 = 0, -i = 3*i - 2*s + 28. Let z(d) = -8*d + d + 4*d**2 - 5 + 4 + d**3. What is z(i)?
9
Let p(l) = 44 - l**3 + 4*l - 3*l**2 - 21 - 21. Determine p(-4).
2
Let t(x) = -x. Let n be 2/(-11) + 42/(-11). Calculate t(n).
4
Let g(v) = v**3 + 4*v**2 + 2*v + 4. Let a be 32/(-14) - (-4)/14. Let x(p) = p**3 + 5*p**2 - 6*p - 5. Let c be x(-6). Let o = c - a. Calculate g(o).
7
Let w(d) be the third derivative of -3*d**2 + 1/6*d**3 + 0 - 1/12*d**5 + 0*d**4 + 0*d. Determine w(-1).
-4
Let k(q) = -q**3 + 6*q**2 - 4*q - 1. Suppose -3*r = -2 - 13. What is k(r)?
4
Let p be ((-12)/15)/((-7)/(-35)). Let n(c) = -c**2 - 6*c + 4. Determine n(p).
12
Let r = 1 - -4. Let w(b) = b**3 - b + r*b**2 + b**2 - b**2 + 5*b. Give w(-3).
6
Let c(i) = 2*i**3 + i**2 - 1. Let r be c(-1). Let z be ((-1)/r)/(2/(-8)). Let o = 2 + z. Let p(l) = l**3 - l**2 - 7. What is p(o)?
-7
Let n = -1 + 1. Suppose 0 = 2*z - n*z + 6. Let f(s) = 3*s + 1. Determine f(z).
-8
Suppose -4*w + 5*m - 3*m + 12 = 0, 5*w - 10 = 5*m. Suppose n - 7 = -q, -5*q + 0*q - 5 = -3*n. Let i(p) = q + 2*p + p + 0*p - 2*p. Give i(w).
6
Let t = -32 + 30. Let k(h) = h**3 + h**2 + h + 1. Calculate k(t).
-5
Let a(q) = q + 12. Suppose 0 = -z + 5*l + 15, -37 = -2*z - 2*z - 3*l. Suppose z = -8*c + 3*c. Let g(s) = 3*s + 25. Let f(i) = c*g(i) + 5*a(i). Determine f(6).
4
Let u(l) be the f